reatest common divisor of 6 and n.
6
Let x be ((-380)/8)/(5/(-10)). Calculate the greatest common divisor of x and 5.
5
Suppose 9*u + 14 = 4*u - h, -2*h - 14 = 3*u. Let y be u + 1 - (-25)/5. What is the greatest common divisor of y and 4?
4
Let l be (4/(-5))/(2/(-50)). Let d = l + -9. Calculate the highest common factor of 88 and d.
11
Let a = 63 + -59. Calculate the highest common divisor of 10 and a.
2
Suppose 3*y - 3 = 9. Suppose -y*c - r = -9, 3*r = -3*c + 2*r + 6. Calculate the greatest common divisor of c and 12.
3
Let x(d) = 10*d**2 + d**3 - 7 + 2*d**3 - 2*d**3 + 11*d. Let p be x(-8). Let h = 145 - p. What is the highest common factor of 14 and h?
14
Suppose l + 0*l + 851 = 4*v, 0 = -5*l - 15. Let y be v/4 + (-2)/(-2). Let w = -9 + 15. Calculate the greatest common factor of y and w.
6
Let p be 0 - 3/6*-2. Let k be 0 + p*(1 + 3). What is the greatest common divisor of k and 28?
4
Let y(u) = 19*u**2 - 17. Let v be y(-3). What is the highest common divisor of v and 22?
22
Let h(k) = -k. Let i be h(0). Suppose 0*j + j - 64 = i. What is the highest common divisor of j and 16?
16
Suppose -5*t = -26 - 34. Let k be 150/20*12/5. What is the greatest common divisor of t and k?
6
Suppose -8*m + 20 = -6*m. What is the highest common divisor of m and 10?
10
Let x be (-24)/(3 - 5) - 1. Let r(w) = 7*w + 2. Let z be r(2). Let y be z/(x/9 + -1). Calculate the highest common divisor of y and 18.
18
Let c = -89 - -125. What is the highest common divisor of c and 12?
12
Let b be (-2)/3 - 104/(-12). What is the greatest common divisor of 40 and b?
8
Let q be -3 + -14 + -6 + 2. Let w = q - -39. Calculate the greatest common factor of 27 and w.
9
Let y be (152/3)/(2/3). Calculate the greatest common factor of y and 19.
19
Suppose 4*k - 106 = 4*a + 66, k + 3*a - 39 = 0. Let b be ((-18)/(-8))/(12/32). Calculate the greatest common factor of k and b.
6
Let o be -2 + (40/(-2))/(-1). Suppose o = j + 2*j. Let s be -1 + j*2/4. Calculate the greatest common divisor of 4 and s.
2
Let z be 9/2*16/12. Let o = 33 + z. Calculate the highest common divisor of 26 and o.
13
Let c = 17 + -9. Suppose -a + 3 = -0. Suppose -a*p = -2*p - 16. Calculate the greatest common divisor of p and c.
8
Suppose -h = -5*h + 16. What is the greatest common factor of h and 28?
4
Let f = 9 - 4. Suppose 0 = -f*h + 59 + 51. Suppose 1194 = 5*t + 424. Calculate the greatest common divisor of h and t.
22
Let d = 0 - -5. Let h = 3 - 1. Suppose 42 = 3*z - h*b, -b = 5*z - d*b - 72. Calculate the greatest common divisor of z and 12.
12
Let i = 39 - 17. Let g = 38 - i. What is the greatest common factor of g and 40?
8
Let q be (-6)/7*(2 + -9). What is the highest common divisor of 12 and q?
6
Let t(q) = 40*q - 7. Let v(a) = -a + 1. Let b(l) = t(l) + 6*v(l). Let u be b(2). Suppose -4*h = -u - 5. What is the highest common factor of 18 and h?
18
Suppose l + 166 + 117 = 2*a, -5*a = -2*l - 707. What is the greatest common factor of 47 and a?
47
Let x(b) = 6*b**2 - 2*b + 11. Let t be x(-5). Let p = t - 51. Suppose 46 = 2*w - 4*f, 7 = w + 3*f - f. What is the greatest common divisor of p and w?
15
Suppose 2 = g, -4*m = -2*m - 3*g. Suppose -s - 5*d - 18 = 0, -5*d = -2*s - m*s + 30. What is the greatest common factor of s and 16?
2
Let w(i) = 1 + i - 2 + 2. Let t = 4 - 3. Let u be w(t). Calculate the highest common factor of 22 and u.
2
Let p(g) = 3*g**2 + 2*g + 9. Let q be p(-6). Suppose 2*f - 94 = 5*o, f - 6*o = -7*o + 40. Calculate the greatest common divisor of q and f.
21
Let o = 40 + -13. Calculate the greatest common factor of 3 and o.
3
Suppose -5*j = 2*p + p - 71, p = 4*j - 67. Calculate the greatest common factor of j and 112.
16
Let t(w) = 9*w + 35. Let n(j) = -3*j - 12. Let p(s) = -11*n(s) - 4*t(s). Let h be p(-7). What is the greatest common divisor of h and 117?
13
Suppose 2*k - 8 = -2*k. Let m be -1 + (k - 2) - -4. Suppose -75 = -5*x + m*l, 3*x + 4*l = 12 + 33. Calculate the greatest common factor of x and 6.
3
Suppose -8*b + 150 = -3*b. What is the greatest common divisor of 390 and b?
30
Let v be (-4 + 85)/((-3)/(-2)). What is the highest common divisor of v and 27?
27
Let u = 81 + -54. Calculate the greatest common divisor of 9 and u.
9
Suppose -3*b - 5*o + 589 = 0, 797 = 3*b + b - 5*o. Calculate the highest common factor of b and 18.
18
Let u be 305/45 + 4/18. Let k = 9 - u. Let y(q) = -2*q - 2. Let a be y(-2). What is the greatest common factor of k and a?
2
Suppose -4*f - 48 = -5*b - 2*f, 0 = b + f - 4. What is the greatest common divisor of b and 4?
4
Suppose -2*u = -u - 5*y - 22, 0 = 3*u + 3*y - 120. Suppose -4*h = -3*f + 87 + 4, 0 = -f - 2*h + u. What is the highest common divisor of 3 and f?
3
Let z be (27 - 0)/((-4)/(-8)). What is the highest common factor of 36 and z?
18
Suppose -4*d + 30 = 2*i, 4*i = 2*i + d + 10. What is the greatest common factor of 7 and i?
7
Suppose -5*v - 2 = -12. Let j = -30 + 89. Let o = j + -41. What is the greatest common factor of v and o?
2
Let b = -23 + 36. Suppose 0 = -3*a - 3, -a + 353 = 3*c - 3*a. Calculate the greatest common divisor of c and b.
13
Let i = -266 + 426. Calculate the highest common divisor of i and 40.
40
Suppose 0 = -2*t + a + 54 - 9, 2*a = -5*t + 126. Calculate the highest common factor of t and 8.
8
Let y = -7 - -8. Let b(p) = 64*p**3 + p**2 - 1. Let c be b(y). Calculate the highest common factor of 8 and c.
8
Let r(n) = n**3 - 15*n**2 + 15*n + 2. Suppose -70 = -3*y - 2*y. Let a be r(y). What is the highest common divisor of 4 and a?
4
Suppose -192 = -4*a + 2*a. Let x = -12 - -24. Calculate the highest common factor of x and a.
12
Suppose 0 = -r - 3*i + 210, 0 = -0*r - 2*r + 4*i + 440. What is the highest common divisor of 27 and r?
27
Let l be (-132 + -22)*1*-1. What is the highest common factor of 22 and l?
22
Suppose -3*j + 18 = 3*q, -j = -0*j - 4*q + 9. Suppose -j*t = -0 - 12. Calculate the highest common divisor of 8 and t.
4
Let s be 0 - 0 - 0/(-3). Suppose v = 4*v - 96. Suppose -3*c + 6 = s, -2*c - v = -2*o - 4*c. What is the highest common divisor of 70 and o?
14
Let g(n) = -n**2 + 11*n - 5. Let a be g(10). Suppose 4*t - 3 = 2*q - a, 4*q - 28 = -4*t. Calculate the highest common factor of t and 10.
2
Let x(o) = 39*o + 2. Let z be x(2). What is the highest common divisor of z and 20?
20
Let j be -3 + 1 + 0 - 124. Let g = -54 - j. What is the highest common divisor of 12 and g?
12
Let u(l) = 8*l**2 + 3. Let b be u(3). What is the greatest common factor of b and 15?
15
Let m(c) = -4*c + 10. Let v be m(-5). Calculate the greatest common factor of 45 and v.
15
Suppose -5 = -0*r - r. Suppose r*t - 45 = 4*k - k, -3*t = -5*k - 11. What is the highest common factor of 12 and t?
12
Let n(j) = j - 1. Let w(b) = 2*b**2 + 1. Let q(p) = 5*n(p) + w(p). Let a be q(-6). What is the highest common divisor of a and 57?
19
Let q be 524/7 + 2/14. What is the highest common divisor of 50 and q?
25
Suppose 2*c - 5*r - 9 - 24 = 0, r = -5. What is the greatest common factor of 16 and c?
4
Suppose -4*b - 2*h + 232 = 0, b - 2*h + 120 = 3*b. Let y = -20 - -34. Calculate the greatest common divisor of b and y.
14
Let y(c) = -c**3 - 6*c**2 - 5*c - 3. Let t be y(-5). Let x be 12/3 - (-13 - t). What is the greatest common factor of x and 7?
7
Suppose 0 = 2*r - 27 - 17. Let v be (2/(-2))/(2/(-4)). Calculate the highest common divisor of v and r.
2
Let u(q) = -q**2 + 13*q - 8. Let a = 27 - 17. Let c be u(a). Calculate the highest common factor of 55 and c.
11
Suppose 184 = 5*i + 2*j, 3*i + 2*j - 76 = i. Suppose 54 = 3*v - i. Let h be 8/(-12) - 32/(-3). What is the greatest common factor of h and v?
10
Let c(q) = -q**3 + 6*q**2 - 5*q + 1. Let l be c(4). Let j be 2/(-5) - (-524)/10. What is the greatest common factor of l and j?
13
Suppose -4*r = -3*r. Let u be (3 + r)/3 - -2. Suppose -5*y = -u*y - 52. Calculate the greatest common factor of 65 and y.
13
Let a(p) = 10*p**2 + 1. Let c be a(1). Calculate the greatest common factor of c and 121.
11
Let k(a) = -a**2 + 7*a - 4. Let o = 16 - 10. Let t be k(o). Calculate the highest common divisor of t and 14.
2
Let u(c) = -7*c**2 + 15*c + 22. Let p(q) = -3*q**2 + 8*q + 11. Let d(k) = -9*p(k) + 4*u(k). Let a be d(-9). What is the highest common divisor of a and 16?
16
Let m(o) be the first derivative of 41*o**3 +